[INFO] fetching crate drossel-journal 0.1.2...
[INFO] checking drossel-journal-0.1.2 against try#72f88fc4e9458f89516a0b8b0868f3718aec5b47 for pr-74989
[INFO] extracting crate drossel-journal 0.1.2 into /workspace/builds/worker-5/source
[INFO] validating manifest of crates.io crate drossel-journal 0.1.2 on toolchain 72f88fc4e9458f89516a0b8b0868f3718aec5b47
[INFO] running `Command { std: "/workspace/cargo-home/bin/cargo" "+72f88fc4e9458f89516a0b8b0868f3718aec5b47" "read-manifest" "--manifest-path" "Cargo.toml", kill_on_drop: false }`
[INFO] started tweaking crates.io crate drossel-journal 0.1.2
[INFO] finished tweaking crates.io crate drossel-journal 0.1.2
[INFO] tweaked toml for crates.io crate drossel-journal 0.1.2 written to /workspace/builds/worker-5/source/Cargo.toml
[INFO] running `Command { std: "/workspace/cargo-home/bin/cargo" "+72f88fc4e9458f89516a0b8b0868f3718aec5b47" "generate-lockfile" "--manifest-path" "Cargo.toml" "-Zno-index-update", kill_on_drop: false }`
[INFO] running `Command { std: "/workspace/cargo-home/bin/cargo" "+72f88fc4e9458f89516a0b8b0868f3718aec5b47" "fetch" "--locked" "--manifest-path" "Cargo.toml", kill_on_drop: false }`
[INFO] [stderr]  Downloading crates ...
[INFO] [stderr]   Downloaded leveldb v0.6.1
[INFO] [stderr]   Downloaded db-key v0.0.5
[INFO] [stderr]   Downloaded db-key v0.1.0
[INFO] running `Command { std: "docker" "create" "-v" "/var/lib/crater-agent-workspace/builds/worker-5/target:/opt/rustwide/target:rw,Z" "-v" "/var/lib/crater-agent-workspace/builds/worker-5/source:/opt/rustwide/workdir:ro,Z" "-v" "/var/lib/crater-agent-workspace/cargo-home:/opt/rustwide/cargo-home:ro,Z" "-v" "/var/lib/crater-agent-workspace/rustup-home:/opt/rustwide/rustup-home:ro,Z" "-e" "SOURCE_DIR=/opt/rustwide/workdir" "-e" "CARGO_TARGET_DIR=/opt/rustwide/target" "-e" "CARGO_HOME=/opt/rustwide/cargo-home" "-e" "RUSTUP_HOME=/opt/rustwide/rustup-home" "-w" "/opt/rustwide/workdir" "-m" "1610612736" "--user" "0:0" "--network" "none" "rustops/crates-build-env@sha256:d92eaeed33fa75130ca1ee6c8a01d1ffb62bac859dfdfb3450e3e5d1c0146529" "/opt/rustwide/cargo-home/bin/cargo" "+72f88fc4e9458f89516a0b8b0868f3718aec5b47" "metadata" "--no-deps" "--format-version=1", kill_on_drop: false }`
[INFO] [stderr] WARNING: Your kernel does not support swap limit capabilities or the cgroup is not mounted. Memory limited without swap.
[INFO] [stdout] c9aa4bdc646726eb09c81b17129cda854ee3ec67d437659a771ed936d4d63d70
[INFO] running `Command { std: "docker" "start" "-a" "c9aa4bdc646726eb09c81b17129cda854ee3ec67d437659a771ed936d4d63d70", kill_on_drop: false }`
[INFO] running `Command { std: "docker" "inspect" "c9aa4bdc646726eb09c81b17129cda854ee3ec67d437659a771ed936d4d63d70", kill_on_drop: false }`
[INFO] running `Command { std: "docker" "rm" "-f" "c9aa4bdc646726eb09c81b17129cda854ee3ec67d437659a771ed936d4d63d70", kill_on_drop: false }`
[INFO] [stdout] c9aa4bdc646726eb09c81b17129cda854ee3ec67d437659a771ed936d4d63d70
[INFO] running `Command { std: "docker" "create" "-v" "/var/lib/crater-agent-workspace/builds/worker-5/target:/opt/rustwide/target:rw,Z" "-v" "/var/lib/crater-agent-workspace/builds/worker-5/source:/opt/rustwide/workdir:ro,Z" "-v" "/var/lib/crater-agent-workspace/cargo-home:/opt/rustwide/cargo-home:ro,Z" "-v" "/var/lib/crater-agent-workspace/rustup-home:/opt/rustwide/rustup-home:ro,Z" "-e" "SOURCE_DIR=/opt/rustwide/workdir" "-e" "CARGO_TARGET_DIR=/opt/rustwide/target" "-e" "CARGO_INCREMENTAL=0" "-e" "RUST_BACKTRACE=full" "-e" "RUSTFLAGS=--cap-lints=forbid" "-e" "CARGO_HOME=/opt/rustwide/cargo-home" "-e" "RUSTUP_HOME=/opt/rustwide/rustup-home" "-w" "/opt/rustwide/workdir" "-m" "1610612736" "--user" "0:0" "--network" "none" "rustops/crates-build-env@sha256:d92eaeed33fa75130ca1ee6c8a01d1ffb62bac859dfdfb3450e3e5d1c0146529" "/opt/rustwide/cargo-home/bin/cargo" "+72f88fc4e9458f89516a0b8b0868f3718aec5b47" "check" "--frozen" "--all" "--all-targets" "--message-format=json", kill_on_drop: false }`
[INFO] [stdout] eca6c951b38966897986d946cbedcd746ca36feef0930e0a9e827da534219c04
[INFO] [stderr] WARNING: Your kernel does not support swap limit capabilities or the cgroup is not mounted. Memory limited without swap.
[INFO] running `Command { std: "docker" "start" "-a" "eca6c951b38966897986d946cbedcd746ca36feef0930e0a9e827da534219c04", kill_on_drop: false }`
[INFO] [stderr]    Compiling libc v0.2.77
[INFO] [stderr]     Checking db-key v0.0.5
[INFO] [stderr]     Checking db-key v0.1.0
[INFO] [stderr]     Checking leveldb v0.6.1
[INFO] [stderr]     Checking rand v0.4.6
[INFO] [stdout] error[E0432]: unresolved import `core::marker::PhantomFn`
[INFO] [stdout]   --> /opt/rustwide/cargo-home/registry/src/github.com-1ecc6299db9ec823/leveldb-0.6.1/src/lib.rs:63:5
[INFO] [stdout]    |
[INFO] [stdout] 63 | use core::marker::PhantomFn;
[INFO] [stdout]    |     ^^^^^^^^^^^^^^^^^^^^^^^ no `PhantomFn` in `marker`
[INFO] [stdout] 
[INFO] [stdout] 
[INFO] [stdout] error[E0658]: use of unstable library feature 'core_intrinsics': intrinsics are unlikely to ever be stabilized, instead they should be used through stabilized interfaces in the rest of the standard library
[INFO] [stdout]   --> /opt/rustwide/cargo-home/registry/src/github.com-1ecc6299db9ec823/leveldb-0.6.1/src/database/comparator.rs:93:9
[INFO] [stdout]    |
[INFO] [stdout] 93 |     use std::intrinsics::type_name;
[INFO] [stdout]    |         ^^^^^^^^^^^^^^^^^^^^^^^^^^
[INFO] [stdout]    |
[INFO] [stdout]    = help: add `#![feature(core_intrinsics)]` to the crate attributes to enable
[INFO] [stdout] 
[INFO] [stdout] 
[INFO] [stdout] error[E0658]: use of unstable library feature 'core_intrinsics': intrinsics are unlikely to ever be stabilized, instead they should be used through stabilized interfaces in the rest of the standard library
[INFO] [stdout]   --> /opt/rustwide/cargo-home/registry/src/github.com-1ecc6299db9ec823/leveldb-0.6.1/src/database/comparator.rs:95:27
[INFO] [stdout]    |
[INFO] [stdout] 95 |     let tydesc = unsafe { type_name::<K>() };
[INFO] [stdout]    |                           ^^^^^^^^^^^^^^
[INFO] [stdout]    |
[INFO] [stdout]    = help: add `#![feature(core_intrinsics)]` to the crate attributes to enable
[INFO] [stdout] 
[INFO] [stdout] 
[INFO] [stdout] error: aborting due to 3 previous errors
[INFO] [stdout] 
[INFO] [stdout] 
[INFO] [stdout] Some errors have detailed explanations: E0432, E0658.
[INFO] [stdout] 
[INFO] [stdout] For more information about an error, try `rustc --explain E0432`.
[INFO] [stdout] 
[INFO] [stderr] error: could not compile `leveldb`.
[INFO] [stderr] 
[INFO] [stderr] To learn more, run the command again with --verbose.
[INFO] [stderr] warning: build failed, waiting for other jobs to finish...
[INFO] [stderr] error: build failed
[INFO] running `Command { std: "docker" "inspect" "eca6c951b38966897986d946cbedcd746ca36feef0930e0a9e827da534219c04", kill_on_drop: false }`
[INFO] running `Command { std: "docker" "rm" "-f" "eca6c951b38966897986d946cbedcd746ca36feef0930e0a9e827da534219c04", kill_on_drop: false }`
[INFO] [stdout] eca6c951b38966897986d946cbedcd746ca36feef0930e0a9e827da534219c04
